{"id":1839,"date":"2018-03-13T16:45:36","date_gmt":"2018-03-13T16:45:36","guid":{"rendered":"https:\/\/educacionbilingue.eu\/?page_id=1839"},"modified":"2018-03-19T17:47:34","modified_gmt":"2018-03-19T17:47:34","slug":"mr-jesus-llamas","status":"publish","type":"page","link":"https:\/\/educacionbilingue.eu\/en\/mr-jesus-llamas\/","title":{"rendered":"Mr. Jes\u00fas Llamas"},"content":{"rendered":"<p>[vc_row css_animation=&#8221;&#8221; row_type=&#8221;row&#8221; use_row_as_full_screen_section=&#8221;no&#8221; type=&#8221;full_width&#8221; angled_section=&#8221;no&#8221; text_align=&#8221;left&#8221; background_image_as_pattern=&#8221;without_pattern&#8221; el_class=&#8221;fondo-teja&#8221; css=&#8221;.vc_custom_1490630823443{margin-right: 5% !important;margin-left: 5% !important;padding-top: 75px !important;}&#8221;][vc_column][vc_single_image image=&#8221;1841&#8243; img_size=&#8221;full&#8221; alignment=&#8221;center&#8221; qode_css_animation=&#8221;&#8221; css=&#8221;.vc_custom_1520959491472{padding-bottom: 50px !important;}&#8221;][vc_column_text css=&#8221;.vc_custom_1520959375443{padding-bottom: 50px !important;}&#8221;]<\/p>\n<p style=\"text-align: center;\"><span style=\"font-size: 32pt; color: #808080;\">Mr. Jes\u00fas Llamas<\/span><\/p>\n<p>[\/vc_column_text][vc_column_text]<\/p>\n<p style=\"text-align: center;\"><span style=\"color: #a71f00;\">Biodata<\/span><\/p>\n<p>&nbsp;<\/p>\n<p>Jes\u00fas M. Llamas Sevilla holds a Bachelor\u00b4s Degree in Psychology from Universidad de Murcia, where he also studied the first cycle of Bachelor\u00b4s Degree in Art History. He has three postgraduate courses: Master in Teaching Training from University of Murcia; University Expert in Emotional Intelligence from UNIR and Master in Teaching Spanish as a Foreign Language from Camilo Jos\u00e9 Cela University.<\/p>\n<p>Regarding his professional experience, he has worked as Philosophy Teacher in several high schools, such as Escuela de Arte Fernando Est\u00e9vez (Tenerife) or Francisco Salzillo High School (Murcia), where he currently manages the Educational Innovation Project <em>Yo Ense\u00f1o Espa\u00f1ol: difundiendo la lengua espa\u00f1ola en Europa<\/em> in collaboration with Liceo Experimental de Heraklion (Crete). He has worked as internship tutor in Master in Education from University of Murcia and has been a member of the Spanish University Access Tests organization in the universities of Murcia and Cartagena.<\/p>\n<p>He did his Master\u00b4s internships of Master in Teaching Spanish as a Foreign Language in the University of Kl\u00e1ipeda (Lithuania), where he taught Spanish. His final dissertation about Spanish interlanguage of native Lithuanian speakers was translated to Lithuanian language.<\/p>\n<p>His current line of research is focused on Spanish interlanguages of native of eastern Baltic languages.[\/vc_column_text][vc_empty_space][\/vc_column][\/vc_row]<\/p>\n","protected":false},"excerpt":{"rendered":"<p>[vc_row css_animation=&#8221;&#8221; row_type=&#8221;row&#8221; use_row_as_full_screen_section=&#8221;no&#8221; type=&#8221;full_width&#8221; angled_section=&#8221;no&#8221; text_align=&#8221;left&#8221; background_image_as_pattern=&#8221;without_pattern&#8221; el_class=&#8221;fondo-teja&#8221; css=&#8221;.vc_custom_1490630823443{margin-right: 5% !important;margin-left: 5% !important;padding-top: 75px !important;}&#8221;][vc_column][vc_single_image image=&#8221;1841&#8243; img_size=&#8221;full&#8221; alignment=&#8221;center&#8221; qode_css_animation=&#8221;&#8221; css=&#8221;.vc_custom_1520959491472{padding-bottom: 50px !important;}&#8221;][vc_column_text css=&#8221;.vc_custom_1520959375443{padding-bottom: 50px !important;}&#8221;] Mr. Jes\u00fas Llamas [\/vc_column_text][vc_column_text] Biodata &nbsp; Jes\u00fas M. Llamas Sevilla holds a Bachelor\u00b4s Degree in Psychology from Universidad de&#8230;<\/p>\n","protected":false},"author":2,"featured_media":0,"parent":0,"menu_order":0,"comment_status":"closed","ping_status":"closed","template":"tema-magister.php","meta":{"footnotes":""},"class_list":["post-1839","page","type-page","status-publish","hentry"],"yoast_head":"<!-- This site is optimized with the Yoast SEO plugin v20.1 - https:\/\/yoast.com\/wordpress\/plugins\/seo\/ -->\n<title>Mr. Jes\u00fas Llamas - V Blended Conference for Professionals in Bilingual and International Education<\/title>\n<meta name=\"robots\" content=\"index, follow, max-snippet:-1, max-image-preview:large, max-video-preview:-1\" \/>\n<link rel=\"canonical\" href=\"https:\/\/educacionbilingue.eu\/mr-jesus-llamas\/\" \/>\n<meta property=\"og:locale\" content=\"en_US\" \/>\n<meta property=\"og:type\" content=\"article\" \/>\n<meta property=\"og:title\" content=\"Mr. Jes\u00fas Llamas - V Blended Conference for Professionals in Bilingual and International Education\" \/>\n<meta property=\"og:description\" content=\"[vc_row css_animation=&#8221;&#8221; row_type=&#8221;row&#8221; use_row_as_full_screen_section=&#8221;no&#8221; type=&#8221;full_width&#8221; angled_section=&#8221;no&#8221; text_align=&#8221;left&#8221; background_image_as_pattern=&#8221;without_pattern&#8221; el_class=&#8221;fondo-teja&#8221; css=&#8221;.vc_custom_1490630823443{margin-right: 5% !important;margin-left: 5% !important;padding-top: 75px !important;}&#8221;][vc_column][vc_single_image image=&#8221;1841&#8243; img_size=&#8221;full&#8221; alignment=&#8221;center&#8221; qode_css_animation=&#8221;&#8221; css=&#8221;.vc_custom_1520959491472{padding-bottom: 50px !important;}&#8221;][vc_column_text css=&#8221;.vc_custom_1520959375443{padding-bottom: 50px !important;}&#8221;] Mr. Jes\u00fas Llamas [\/vc_column_text][vc_column_text] Biodata &nbsp; Jes\u00fas M. Llamas Sevilla holds a Bachelor\u00b4s Degree in Psychology from Universidad de...\" \/>\n<meta property=\"og:url\" content=\"https:\/\/educacionbilingue.eu\/mr-jesus-llamas\/\" \/>\n<meta property=\"og:site_name\" content=\"V Blended Conference for Professionals in Bilingual and International Education\" \/>\n<meta property=\"article:modified_time\" content=\"2018-03-19T17:47:34+00:00\" \/>\n<meta property=\"og:image\" content=\"https:\/\/educacionbilingue.eu\/wp-content\/uploads\/2017\/04\/cropped-logo-web.png\" \/>\n\t<meta property=\"og:image:width\" content=\"512\" \/>\n\t<meta property=\"og:image:height\" content=\"512\" \/>\n\t<meta property=\"og:image:type\" content=\"image\/png\" \/>\n<meta name=\"twitter:card\" content=\"summary_large_image\" \/>\n<meta name=\"twitter:label1\" content=\"Est. reading time\" \/>\n\t<meta name=\"twitter:data1\" content=\"2 minutes\" \/>\n<script type=\"application\/ld+json\" class=\"yoast-schema-graph\">{\"@context\":\"https:\/\/schema.org\",\"@graph\":[{\"@type\":\"WebPage\",\"@id\":\"https:\/\/educacionbilingue.eu\/mr-jesus-llamas\/\",\"url\":\"https:\/\/educacionbilingue.eu\/mr-jesus-llamas\/\",\"name\":\"Mr. Jes\u00fas Llamas - V Blended Conference for Professionals in Bilingual and International Education\",\"isPartOf\":{\"@id\":\"https:\/\/educacionbilingue.eu\/#website\"},\"datePublished\":\"2018-03-13T16:45:36+00:00\",\"dateModified\":\"2018-03-19T17:47:34+00:00\",\"breadcrumb\":{\"@id\":\"https:\/\/educacionbilingue.eu\/mr-jesus-llamas\/#breadcrumb\"},\"inLanguage\":\"en-EN\",\"potentialAction\":[{\"@type\":\"ReadAction\",\"target\":[\"https:\/\/educacionbilingue.eu\/mr-jesus-llamas\/\"]}]},{\"@type\":\"BreadcrumbList\",\"@id\":\"https:\/\/educacionbilingue.eu\/mr-jesus-llamas\/#breadcrumb\",\"itemListElement\":[{\"@type\":\"ListItem\",\"position\":1,\"name\":\"V Congreso Semipresencial para Profesionales de la Educaci\u00f3n Biling\u00fce e Internacional\",\"item\":\"https:\/\/educacionbilingue.eu\/\"},{\"@type\":\"ListItem\",\"position\":2,\"name\":\"Mr. Jes\u00fas Llamas\"}]},{\"@type\":\"WebSite\",\"@id\":\"https:\/\/educacionbilingue.eu\/#website\",\"url\":\"https:\/\/educacionbilingue.eu\/\",\"name\":\"V Blended Conference for Professionals in Bilingual and International Education\",\"description\":\"\",\"publisher\":{\"@id\":\"https:\/\/educacionbilingue.eu\/#organization\"},\"potentialAction\":[{\"@type\":\"SearchAction\",\"target\":{\"@type\":\"EntryPoint\",\"urlTemplate\":\"https:\/\/educacionbilingue.eu\/?s={search_term_string}\"},\"query-input\":\"required name=search_term_string\"}],\"inLanguage\":\"en-EN\"},{\"@type\":\"Organization\",\"@id\":\"https:\/\/educacionbilingue.eu\/#organization\",\"name\":\"Congreso de Educaci\u00f3n Biling\u00fce\",\"url\":\"https:\/\/educacionbilingue.eu\/\",\"logo\":{\"@type\":\"ImageObject\",\"inLanguage\":\"en-EN\",\"@id\":\"https:\/\/educacionbilingue.eu\/#\/schema\/logo\/image\/\",\"url\":\"https:\/\/educacionbilingue.eu\/wp-content\/uploads\/2018\/03\/400dpiLogoCropped.png\",\"contentUrl\":\"https:\/\/educacionbilingue.eu\/wp-content\/uploads\/2018\/03\/400dpiLogoCropped.png\",\"width\":800,\"height\":1167,\"caption\":\"Congreso de Educaci\u00f3n Biling\u00fce\"},\"image\":{\"@id\":\"https:\/\/educacionbilingue.eu\/#\/schema\/logo\/image\/\"}}]}<\/script>\n<!-- \/ Yoast SEO plugin. -->","yoast_head_json":{"title":"Mr. Jes\u00fas Llamas - V Blended Conference for Professionals in Bilingual and International Education","robots":{"index":"index","follow":"follow","max-snippet":"max-snippet:-1","max-image-preview":"max-image-preview:large","max-video-preview":"max-video-preview:-1"},"canonical":"https:\/\/educacionbilingue.eu\/mr-jesus-llamas\/","og_locale":"en_US","og_type":"article","og_title":"Mr. Jes\u00fas Llamas - V Blended Conference for Professionals in Bilingual and International Education","og_description":"[vc_row css_animation=&#8221;&#8221; row_type=&#8221;row&#8221; use_row_as_full_screen_section=&#8221;no&#8221; type=&#8221;full_width&#8221; angled_section=&#8221;no&#8221; text_align=&#8221;left&#8221; background_image_as_pattern=&#8221;without_pattern&#8221; el_class=&#8221;fondo-teja&#8221; css=&#8221;.vc_custom_1490630823443{margin-right: 5% !important;margin-left: 5% !important;padding-top: 75px !important;}&#8221;][vc_column][vc_single_image image=&#8221;1841&#8243; img_size=&#8221;full&#8221; alignment=&#8221;center&#8221; qode_css_animation=&#8221;&#8221; css=&#8221;.vc_custom_1520959491472{padding-bottom: 50px !important;}&#8221;][vc_column_text css=&#8221;.vc_custom_1520959375443{padding-bottom: 50px !important;}&#8221;] Mr. Jes\u00fas Llamas [\/vc_column_text][vc_column_text] Biodata &nbsp; Jes\u00fas M. Llamas Sevilla holds a Bachelor\u00b4s Degree in Psychology from Universidad de...","og_url":"https:\/\/educacionbilingue.eu\/mr-jesus-llamas\/","og_site_name":"V Blended Conference for Professionals in Bilingual and International Education","article_modified_time":"2018-03-19T17:47:34+00:00","og_image":[{"width":512,"height":512,"url":"https:\/\/educacionbilingue.eu\/wp-content\/uploads\/2017\/04\/cropped-logo-web.png","type":"image\/png"}],"twitter_card":"summary_large_image","twitter_misc":{"Est. reading time":"2 minutes"},"schema":{"@context":"https:\/\/schema.org","@graph":[{"@type":"WebPage","@id":"https:\/\/educacionbilingue.eu\/mr-jesus-llamas\/","url":"https:\/\/educacionbilingue.eu\/mr-jesus-llamas\/","name":"Mr. Jes\u00fas Llamas - V Blended Conference for Professionals in Bilingual and International Education","isPartOf":{"@id":"https:\/\/educacionbilingue.eu\/#website"},"datePublished":"2018-03-13T16:45:36+00:00","dateModified":"2018-03-19T17:47:34+00:00","breadcrumb":{"@id":"https:\/\/educacionbilingue.eu\/mr-jesus-llamas\/#breadcrumb"},"inLanguage":"en-EN","potentialAction":[{"@type":"ReadAction","target":["https:\/\/educacionbilingue.eu\/mr-jesus-llamas\/"]}]},{"@type":"BreadcrumbList","@id":"https:\/\/educacionbilingue.eu\/mr-jesus-llamas\/#breadcrumb","itemListElement":[{"@type":"ListItem","position":1,"name":"V Congreso Semipresencial para Profesionales de la Educaci\u00f3n Biling\u00fce e Internacional","item":"https:\/\/educacionbilingue.eu\/"},{"@type":"ListItem","position":2,"name":"Mr. Jes\u00fas Llamas"}]},{"@type":"WebSite","@id":"https:\/\/educacionbilingue.eu\/#website","url":"https:\/\/educacionbilingue.eu\/","name":"V Blended Conference for Professionals in Bilingual and International Education","description":"","publisher":{"@id":"https:\/\/educacionbilingue.eu\/#organization"},"potentialAction":[{"@type":"SearchAction","target":{"@type":"EntryPoint","urlTemplate":"https:\/\/educacionbilingue.eu\/?s={search_term_string}"},"query-input":"required name=search_term_string"}],"inLanguage":"en-EN"},{"@type":"Organization","@id":"https:\/\/educacionbilingue.eu\/#organization","name":"Congreso de Educaci\u00f3n Biling\u00fce","url":"https:\/\/educacionbilingue.eu\/","logo":{"@type":"ImageObject","inLanguage":"en-EN","@id":"https:\/\/educacionbilingue.eu\/#\/schema\/logo\/image\/","url":"https:\/\/educacionbilingue.eu\/wp-content\/uploads\/2018\/03\/400dpiLogoCropped.png","contentUrl":"https:\/\/educacionbilingue.eu\/wp-content\/uploads\/2018\/03\/400dpiLogoCropped.png","width":800,"height":1167,"caption":"Congreso de Educaci\u00f3n Biling\u00fce"},"image":{"@id":"https:\/\/educacionbilingue.eu\/#\/schema\/logo\/image\/"}}]}},"_links":{"self":[{"href":"https:\/\/educacionbilingue.eu\/en\/wp-json\/wp\/v2\/pages\/1839","targetHints":{"allow":["GET"]}}],"collection":[{"href":"https:\/\/educacionbilingue.eu\/en\/wp-json\/wp\/v2\/pages"}],"about":[{"href":"https:\/\/educacionbilingue.eu\/en\/wp-json\/wp\/v2\/types\/page"}],"author":[{"embeddable":true,"href":"https:\/\/educacionbilingue.eu\/en\/wp-json\/wp\/v2\/users\/2"}],"replies":[{"embeddable":true,"href":"https:\/\/educacionbilingue.eu\/en\/wp-json\/wp\/v2\/comments?post=1839"}],"version-history":[{"count":2,"href":"https:\/\/educacionbilingue.eu\/en\/wp-json\/wp\/v2\/pages\/1839\/revisions"}],"predecessor-version":[{"id":1996,"href":"https:\/\/educacionbilingue.eu\/en\/wp-json\/wp\/v2\/pages\/1839\/revisions\/1996"}],"wp:attachment":[{"href":"https:\/\/educacionbilingue.eu\/en\/wp-json\/wp\/v2\/media?parent=1839"}],"curies":[{"name":"wp","href":"https:\/\/api.w.org\/{rel}","templated":true}]}}

Mr. Jesús Llamas

<p>[vc_row css_animation=&#8221;&#8221; row_type=&#8221;row&#8221; use_row_as_full_screen_section=&#8221;no&#8221; type=&#8221;full_width&#8221; angled_section=&#8221;no&#8221; text_align=&#8221;left&#8221; background_image_as_pattern=&#8221;without_pattern&#8221; el_class=&#8221;fondo-teja&#8221; css=&#8221;.vc_custom_1490630823443{margin-right: 5% !important;margin-left: 5% !important;padding-top: 75px !important;}&#8221;][vc_column][vc_single_image image=&#8221;1841&#8243; img_size=&#8221;full&#8221; alignment=&#8221;center&#8221; qode_css_animation=&#8221;&#8221; css=&#8221;.vc_custom_1520959491472{padding-bottom: 50px !important;}&#8221;][vc_column_text css=&#8221;.vc_custom_1520959375443{padding-bottom: 50px !important;}&#8221;]</p>
<p style="text-align: center;"><span style="font-size: 32pt; color: #808080;">Mr. Jesús Llamas</span></p>
<p>[/vc_column_text][vc_column_text]</p>
<p style="text-align: center;"><span style="color: #a71f00;">Biodata</span></p>
<p>&nbsp;</p>
<p>Jesús M. Llamas Sevilla holds a Bachelor´s Degree in Psychology from Universidad de Murcia, where he also studied the first cycle of Bachelor´s Degree in Art History. He has three postgraduate courses: Master in Teaching Training from University of Murcia; University Expert in Emotional Intelligence from UNIR and Master in Teaching Spanish as a Foreign Language from Camilo José Cela University.</p>
<p>Regarding his professional experience, he has worked as Philosophy Teacher in several high schools, such as Escuela de Arte Fernando Estévez (Tenerife) or Francisco Salzillo High School (Murcia), where he currently manages the Educational Innovation Project <em>Yo Enseño Español: difundiendo la lengua española en Europa</em> in collaboration with Liceo Experimental de Heraklion (Crete). He has worked as internship tutor in Master in Education from University of Murcia and has been a member of the Spanish University Access Tests organization in the universities of Murcia and Cartagena.</p>
<p>He did his Master´s internships of Master in Teaching Spanish as a Foreign Language in the University of Kláipeda (Lithuania), where he taught Spanish. His final dissertation about Spanish interlanguage of native Lithuanian speakers was translated to Lithuanian language.</p>
<p>His current line of research is focused on Spanish interlanguages of native of eastern Baltic languages.[/vc_column_text][vc_empty_space][/vc_column][/vc_row]</p>

<p>[vc_row css_animation=&#8221;&#8221; row_type=&#8221;row&#8221; use_row_as_full_screen_section=&#8221;no&#8221; type=&#8221;full_width&#8221; angled_section=&#8221;no&#8221; text_align=&#8221;left&#8221; background_image_as_pattern=&#8221;without_pattern&#8221; el_class=&#8221;fondo-teja&#8221; css=&#8221;.vc_custom_1490630823443{margin-right: 5% !important;margin-left: 5% !important;padding-top: 75px !important;}&#8221;][vc_column][vc_single_image image=&#8221;1841&#8243; img_size=&#8221;full&#8221; alignment=&#8221;center&#8221; qode_css_animation=&#8221;&#8221; css=&#8221;.vc_custom_1520959491472{padding-bottom: 50px !important;}&#8221;][vc_column_text css=&#8221;.vc_custom_1520959375443{padding-bottom: 50px !important;}&#8221;] Mr. Jesús Llamas [/vc_column_text][vc_column_text] Biodata &nbsp; Jesús M. Llamas Sevilla holds a Bachelor´s Degree in Psychology from Universidad de&#8230;</p>

<!-- This site is optimized with the Yoast SEO plugin v20.1 - https://yoast.com/wordpress/plugins/seo/ -->
<title>Mr. Jesús Llamas - V Blended Conference for Professionals in Bilingual and International Education</title>
<meta name="robots" content="index, follow, max-snippet:-1, max-image-preview:large, max-video-preview:-1" />
<link rel="canonical" href="https://educacionbilingue.eu/mr-jesus-llamas/" />
<meta property="og:locale" content="en_US" />
<meta property="og:type" content="article" />
<meta property="og:title" content="Mr. Jesús Llamas - V Blended Conference for Professionals in Bilingual and International Education" />
<meta property="og:description" content="[vc_row css_animation=&#8221;&#8221; row_type=&#8221;row&#8221; use_row_as_full_screen_section=&#8221;no&#8221; type=&#8221;full_width&#8221; angled_section=&#8221;no&#8221; text_align=&#8221;left&#8221; background_image_as_pattern=&#8221;without_pattern&#8221; el_class=&#8221;fondo-teja&#8221; css=&#8221;.vc_custom_1490630823443{margin-right: 5% !important;margin-left: 5% !important;padding-top: 75px !important;}&#8221;][vc_column][vc_single_image image=&#8221;1841&#8243; img_size=&#8221;full&#8221; alignment=&#8221;center&#8221; qode_css_animation=&#8221;&#8221; css=&#8221;.vc_custom_1520959491472{padding-bottom: 50px !important;}&#8221;][vc_column_text css=&#8221;.vc_custom_1520959375443{padding-bottom: 50px !important;}&#8221;] Mr. Jesús Llamas [/vc_column_text][vc_column_text] Biodata &nbsp; Jesús M. Llamas Sevilla holds a Bachelor´s Degree in Psychology from Universidad de..." />
<meta property="og:url" content="https://educacionbilingue.eu/mr-jesus-llamas/" />
<meta property="og:site_name" content="V Blended Conference for Professionals in Bilingual and International Education" />
<meta property="article:modified_time" content="2018-03-19T17:47:34+00:00" />
<meta property="og:image" content="https://educacionbilingue.eu/wp-content/uploads/2017/04/cropped-logo-web.png" />
	<meta property="og:image:width" content="512" />
	<meta property="og:image:height" content="512" />
	<meta property="og:image:type" content="image/png" />
<meta name="twitter:card" content="summary_large_image" />
<meta name="twitter:label1" content="Est. reading time" />
	<meta name="twitter:data1" content="2 minutes" />
<script type="application/ld+json" class="yoast-schema-graph">{"@context":"https://schema.org","@graph":[{"@type":"WebPage","@id":"https://educacionbilingue.eu/mr-jesus-llamas/","url":"https://educacionbilingue.eu/mr-jesus-llamas/","name":"Mr. Jesús Llamas - V Blended Conference for Professionals in Bilingual and International Education","isPartOf":{"@id":"https://educacionbilingue.eu/#website"},"datePublished":"2018-03-13T16:45:36+00:00","dateModified":"2018-03-19T17:47:34+00:00","breadcrumb":{"@id":"https://educacionbilingue.eu/mr-jesus-llamas/#breadcrumb"},"inLanguage":"en-EN","potentialAction":[{"@type":"ReadAction","target":["https://educacionbilingue.eu/mr-jesus-llamas/"]}]},{"@type":"BreadcrumbList","@id":"https://educacionbilingue.eu/mr-jesus-llamas/#breadcrumb","itemListElement":[{"@type":"ListItem","position":1,"name":"V Congreso Semipresencial para Profesionales de la Educación Bilingüe e Internacional","item":"https://educacionbilingue.eu/"},{"@type":"ListItem","position":2,"name":"Mr. Jesús Llamas"}]},{"@type":"WebSite","@id":"https://educacionbilingue.eu/#website","url":"https://educacionbilingue.eu/","name":"V Blended Conference for Professionals in Bilingual and International Education","description":"","publisher":{"@id":"https://educacionbilingue.eu/#organization"},"potentialAction":[{"@type":"SearchAction","target":{"@type":"EntryPoint","urlTemplate":"https://educacionbilingue.eu/?s={search_term_string}"},"query-input":"required name=search_term_string"}],"inLanguage":"en-EN"},{"@type":"Organization","@id":"https://educacionbilingue.eu/#organization","name":"Congreso de Educación Bilingüe","url":"https://educacionbilingue.eu/","logo":{"@type":"ImageObject","inLanguage":"en-EN","@id":"https://educacionbilingue.eu/#/schema/logo/image/","url":"https://educacionbilingue.eu/wp-content/uploads/2018/03/400dpiLogoCropped.png","contentUrl":"https://educacionbilingue.eu/wp-content/uploads/2018/03/400dpiLogoCropped.png","width":800,"height":1167,"caption":"Congreso de Educación Bilingüe"},"image":{"@id":"https://educacionbilingue.eu/#/schema/logo/image/"}}]}</script>
<!-- / Yoast SEO plugin. -->

Mr. Jesús Llamas - V Blended Conference for Professionals in Bilingual and International Education

[vc_row css_animation=&#8221;&#8221; row_type=&#8221;row&#8221; use_row_as_full_screen_section=&#8221;no&#8221; type=&#8221;full_width&#8221; angled_section=&#8221;no&#8221; text_align=&#8221;left&#8221; background_image_as_pattern=&#8221;without_pattern&#8221; el_class=&#8221;fondo-teja&#8221; css=&#8221;.vc_custom_1490630823443{margin-right: 5% !important;margin-left: 5% !important;padding-top: 75px !important;}&#8221;][vc_column][vc_single_image image=&#8221;1841&#8243; img_size=&#8221;full&#8221; alignment=&#8221;center&#8221; qode_css_animation=&#8221;&#8221; css=&#8221;.vc_custom_1520959491472{padding-bottom: 50px !important;}&#8221;][vc_column_text css=&#8221;.vc_custom_1520959375443{padding-bottom: 50px !important;}&#8221;] Mr. Jesús Llamas [/vc_column_text][vc_column_text] Biodata &nbsp; Jesús M. Llamas Sevilla holds a Bachelor´s Degree in Psychology from Universidad de...

V Congreso Semipresencial para Profesionales de la Educación Bilingüe e Internacional

Congreso de Educación Bilingüe
