{"id":2,"date":"2016-05-10T03:48:21","date_gmt":"2016-05-10T03:48:21","guid":{"rendered":"https:\/\/educacionbilingue.eu\/?page_id=2"},"modified":"2017-03-23T17:08:50","modified_gmt":"2017-03-23T17:08:50","slug":"inicio","status":"publish","type":"page","link":"https:\/\/educacionbilingue.eu\/en\/inicio\/","title":{"rendered":"Inicio"},"content":{"rendered":"<div style=\"height: 100vh; width: 100vw;\"><iframe loading=\"lazy\" class=\"pdfjs-viewer\" src=\"https:\/\/educacionbilingue.eu\/wp-content\/uploads\/2017\/03\/EJEMPLO-IDEA-5_23-B.pdf\" width=\"100%\" height=\"100%\"><\/iframe><\/div>\n<style>\nhtml{margin: 0 !important}<br \/><\/style>\n","protected":false},"excerpt":{"rendered":"html{margin: 0 !important}","protected":false},"author":1,"featured_media":0,"parent":0,"menu_order":0,"comment_status":"closed","ping_status":"closed","template":"sin-tema.php","meta":{"footnotes":""},"class_list":["post-2","page","type-page","status-publish","hentry"],"yoast_head":"<!-- This site is optimized with the Yoast SEO plugin v20.1 - https:\/\/yoast.com\/wordpress\/plugins\/seo\/ -->\n<title>I Congreso Internacional para profesores de la educaci\u00f3n biling\u00fce<\/title>\n<meta name=\"description\" content=\"I Congreso Internacional para profesores de la educaci\u00f3n biling\u00fce organizado por Magister\" \/>\n<meta name=\"robots\" content=\"index, follow, max-snippet:-1, max-image-preview:large, max-video-preview:-1\" \/>\n<link rel=\"canonical\" href=\"https:\/\/educacionbilingue.eu\/inicio\/\" \/>\n<meta property=\"og:locale\" content=\"en_US\" \/>\n<meta property=\"og:type\" content=\"article\" \/>\n<meta property=\"og:title\" content=\"I Congreso Internacional para profesores de la educaci\u00f3n biling\u00fce\" \/>\n<meta property=\"og:description\" content=\"I Congreso Internacional para profesores de la educaci\u00f3n biling\u00fce organizado por Magister\" \/>\n<meta property=\"og:url\" content=\"https:\/\/educacionbilingue.eu\/inicio\/\" \/>\n<meta property=\"og:site_name\" content=\"V Blended Conference for Professionals in Bilingual and International Education\" \/>\n<meta property=\"article:modified_time\" content=\"2017-03-23T17:08:50+00:00\" \/>\n<meta property=\"og:image\" content=\"https:\/\/educacionbilingue.eu\/wp-content\/uploads\/2017\/04\/cropped-logo-web.png\" \/>\n\t<meta property=\"og:image:width\" content=\"512\" \/>\n\t<meta property=\"og:image:height\" content=\"512\" \/>\n\t<meta property=\"og:image:type\" content=\"image\/png\" \/>\n<meta name=\"twitter:card\" content=\"summary_large_image\" \/>\n<script type=\"application\/ld+json\" class=\"yoast-schema-graph\">{\"@context\":\"https:\/\/schema.org\",\"@graph\":[{\"@type\":\"WebPage\",\"@id\":\"https:\/\/educacionbilingue.eu\/inicio\/\",\"url\":\"https:\/\/educacionbilingue.eu\/inicio\/\",\"name\":\"I Congreso Internacional para profesores de la educaci\u00f3n biling\u00fce\",\"isPartOf\":{\"@id\":\"https:\/\/educacionbilingue.eu\/#website\"},\"datePublished\":\"2016-05-10T03:48:21+00:00\",\"dateModified\":\"2017-03-23T17:08:50+00:00\",\"description\":\"I Congreso Internacional para profesores de la educaci\u00f3n biling\u00fce organizado por Magister\",\"breadcrumb\":{\"@id\":\"https:\/\/educacionbilingue.eu\/inicio\/#breadcrumb\"},\"inLanguage\":\"en-EN\",\"potentialAction\":[{\"@type\":\"ReadAction\",\"target\":[\"https:\/\/educacionbilingue.eu\/inicio\/\"]}]},{\"@type\":\"BreadcrumbList\",\"@id\":\"https:\/\/educacionbilingue.eu\/inicio\/#breadcrumb\",\"itemListElement\":[{\"@type\":\"ListItem\",\"position\":1,\"name\":\"V Congreso Semipresencial para Profesionales de la Educaci\u00f3n Biling\u00fce e Internacional\",\"item\":\"https:\/\/educacionbilingue.eu\/\"},{\"@type\":\"ListItem\",\"position\":2,\"name\":\"Inicio\"}]},{\"@type\":\"WebSite\",\"@id\":\"https:\/\/educacionbilingue.eu\/#website\",\"url\":\"https:\/\/educacionbilingue.eu\/\",\"name\":\"V Blended Conference for Professionals in Bilingual and International Education\",\"description\":\"\",\"publisher\":{\"@id\":\"https:\/\/educacionbilingue.eu\/#organization\"},\"potentialAction\":[{\"@type\":\"SearchAction\",\"target\":{\"@type\":\"EntryPoint\",\"urlTemplate\":\"https:\/\/educacionbilingue.eu\/?s={search_term_string}\"},\"query-input\":\"required name=search_term_string\"}],\"inLanguage\":\"en-EN\"},{\"@type\":\"Organization\",\"@id\":\"https:\/\/educacionbilingue.eu\/#organization\",\"name\":\"Congreso de Educaci\u00f3n Biling\u00fce\",\"url\":\"https:\/\/educacionbilingue.eu\/\",\"logo\":{\"@type\":\"ImageObject\",\"inLanguage\":\"en-EN\",\"@id\":\"https:\/\/educacionbilingue.eu\/#\/schema\/logo\/image\/\",\"url\":\"https:\/\/educacionbilingue.eu\/wp-content\/uploads\/2018\/03\/400dpiLogoCropped.png\",\"contentUrl\":\"https:\/\/educacionbilingue.eu\/wp-content\/uploads\/2018\/03\/400dpiLogoCropped.png\",\"width\":800,\"height\":1167,\"caption\":\"Congreso de Educaci\u00f3n Biling\u00fce\"},\"image\":{\"@id\":\"https:\/\/educacionbilingue.eu\/#\/schema\/logo\/image\/\"}}]}<\/script>\n<!-- \/ Yoast SEO plugin. -->","yoast_head_json":{"title":"I Congreso Internacional para profesores de la educaci\u00f3n biling\u00fce","description":"I Congreso Internacional para profesores de la educaci\u00f3n biling\u00fce organizado por Magister","robots":{"index":"index","follow":"follow","max-snippet":"max-snippet:-1","max-image-preview":"max-image-preview:large","max-video-preview":"max-video-preview:-1"},"canonical":"https:\/\/educacionbilingue.eu\/inicio\/","og_locale":"en_US","og_type":"article","og_title":"I Congreso Internacional para profesores de la educaci\u00f3n biling\u00fce","og_description":"I Congreso Internacional para profesores de la educaci\u00f3n biling\u00fce organizado por Magister","og_url":"https:\/\/educacionbilingue.eu\/inicio\/","og_site_name":"V Blended Conference for Professionals in Bilingual and International Education","article_modified_time":"2017-03-23T17:08:50+00:00","og_image":[{"width":512,"height":512,"url":"https:\/\/educacionbilingue.eu\/wp-content\/uploads\/2017\/04\/cropped-logo-web.png","type":"image\/png"}],"twitter_card":"summary_large_image","schema":{"@context":"https:\/\/schema.org","@graph":[{"@type":"WebPage","@id":"https:\/\/educacionbilingue.eu\/inicio\/","url":"https:\/\/educacionbilingue.eu\/inicio\/","name":"I Congreso Internacional para profesores de la educaci\u00f3n biling\u00fce","isPartOf":{"@id":"https:\/\/educacionbilingue.eu\/#website"},"datePublished":"2016-05-10T03:48:21+00:00","dateModified":"2017-03-23T17:08:50+00:00","description":"I Congreso Internacional para profesores de la educaci\u00f3n biling\u00fce organizado por Magister","breadcrumb":{"@id":"https:\/\/educacionbilingue.eu\/inicio\/#breadcrumb"},"inLanguage":"en-EN","potentialAction":[{"@type":"ReadAction","target":["https:\/\/educacionbilingue.eu\/inicio\/"]}]},{"@type":"BreadcrumbList","@id":"https:\/\/educacionbilingue.eu\/inicio\/#breadcrumb","itemListElement":[{"@type":"ListItem","position":1,"name":"V Congreso Semipresencial para Profesionales de la Educaci\u00f3n Biling\u00fce e Internacional","item":"https:\/\/educacionbilingue.eu\/"},{"@type":"ListItem","position":2,"name":"Inicio"}]},{"@type":"WebSite","@id":"https:\/\/educacionbilingue.eu\/#website","url":"https:\/\/educacionbilingue.eu\/","name":"V Blended Conference for Professionals in Bilingual and International Education","description":"","publisher":{"@id":"https:\/\/educacionbilingue.eu\/#organization"},"potentialAction":[{"@type":"SearchAction","target":{"@type":"EntryPoint","urlTemplate":"https:\/\/educacionbilingue.eu\/?s={search_term_string}"},"query-input":"required name=search_term_string"}],"inLanguage":"en-EN"},{"@type":"Organization","@id":"https:\/\/educacionbilingue.eu\/#organization","name":"Congreso de Educaci\u00f3n Biling\u00fce","url":"https:\/\/educacionbilingue.eu\/","logo":{"@type":"ImageObject","inLanguage":"en-EN","@id":"https:\/\/educacionbilingue.eu\/#\/schema\/logo\/image\/","url":"https:\/\/educacionbilingue.eu\/wp-content\/uploads\/2018\/03\/400dpiLogoCropped.png","contentUrl":"https:\/\/educacionbilingue.eu\/wp-content\/uploads\/2018\/03\/400dpiLogoCropped.png","width":800,"height":1167,"caption":"Congreso de Educaci\u00f3n Biling\u00fce"},"image":{"@id":"https:\/\/educacionbilingue.eu\/#\/schema\/logo\/image\/"}}]}},"_links":{"self":[{"href":"https:\/\/educacionbilingue.eu\/en\/wp-json\/wp\/v2\/pages\/2","targetHints":{"allow":["GET"]}}],"collection":[{"href":"https:\/\/educacionbilingue.eu\/en\/wp-json\/wp\/v2\/pages"}],"about":[{"href":"https:\/\/educacionbilingue.eu\/en\/wp-json\/wp\/v2\/types\/page"}],"author":[{"embeddable":true,"href":"https:\/\/educacionbilingue.eu\/en\/wp-json\/wp\/v2\/users\/1"}],"replies":[{"embeddable":true,"href":"https:\/\/educacionbilingue.eu\/en\/wp-json\/wp\/v2\/comments?post=2"}],"version-history":[{"count":9,"href":"https:\/\/educacionbilingue.eu\/en\/wp-json\/wp\/v2\/pages\/2\/revisions"}],"predecessor-version":[{"id":62,"href":"https:\/\/educacionbilingue.eu\/en\/wp-json\/wp\/v2\/pages\/2\/revisions\/62"}],"wp:attachment":[{"href":"https:\/\/educacionbilingue.eu\/en\/wp-json\/wp\/v2\/media?parent=2"}],"curies":[{"name":"wp","href":"https:\/\/api.w.org\/{rel}","templated":true}]}}

<!-- This site is optimized with the Yoast SEO plugin v20.1 - https://yoast.com/wordpress/plugins/seo/ -->
<title>I Congreso Internacional para profesores de la educación bilingüe</title>
<meta name="description" content="I Congreso Internacional para profesores de la educación bilingüe organizado por Magister" />
<meta name="robots" content="index, follow, max-snippet:-1, max-image-preview:large, max-video-preview:-1" />
<link rel="canonical" href="https://educacionbilingue.eu/inicio/" />
<meta property="og:locale" content="en_US" />
<meta property="og:type" content="article" />
<meta property="og:title" content="I Congreso Internacional para profesores de la educación bilingüe" />
<meta property="og:description" content="I Congreso Internacional para profesores de la educación bilingüe organizado por Magister" />
<meta property="og:url" content="https://educacionbilingue.eu/inicio/" />
<meta property="og:site_name" content="V Blended Conference for Professionals in Bilingual and International Education" />
<meta property="article:modified_time" content="2017-03-23T17:08:50+00:00" />
<meta property="og:image" content="https://educacionbilingue.eu/wp-content/uploads/2017/04/cropped-logo-web.png" />
	<meta property="og:image:width" content="512" />
	<meta property="og:image:height" content="512" />
	<meta property="og:image:type" content="image/png" />
<meta name="twitter:card" content="summary_large_image" />
<script type="application/ld+json" class="yoast-schema-graph">{"@context":"https://schema.org","@graph":[{"@type":"WebPage","@id":"https://educacionbilingue.eu/inicio/","url":"https://educacionbilingue.eu/inicio/","name":"I Congreso Internacional para profesores de la educación bilingüe","isPartOf":{"@id":"https://educacionbilingue.eu/#website"},"datePublished":"2016-05-10T03:48:21+00:00","dateModified":"2017-03-23T17:08:50+00:00","description":"I Congreso Internacional para profesores de la educación bilingüe organizado por Magister","breadcrumb":{"@id":"https://educacionbilingue.eu/inicio/#breadcrumb"},"inLanguage":"en-EN","potentialAction":[{"@type":"ReadAction","target":["https://educacionbilingue.eu/inicio/"]}]},{"@type":"BreadcrumbList","@id":"https://educacionbilingue.eu/inicio/#breadcrumb","itemListElement":[{"@type":"ListItem","position":1,"name":"V Congreso Semipresencial para Profesionales de la Educación Bilingüe e Internacional","item":"https://educacionbilingue.eu/"},{"@type":"ListItem","position":2,"name":"Inicio"}]},{"@type":"WebSite","@id":"https://educacionbilingue.eu/#website","url":"https://educacionbilingue.eu/","name":"V Blended Conference for Professionals in Bilingual and International Education","description":"","publisher":{"@id":"https://educacionbilingue.eu/#organization"},"potentialAction":[{"@type":"SearchAction","target":{"@type":"EntryPoint","urlTemplate":"https://educacionbilingue.eu/?s={search_term_string}"},"query-input":"required name=search_term_string"}],"inLanguage":"en-EN"},{"@type":"Organization","@id":"https://educacionbilingue.eu/#organization","name":"Congreso de Educación Bilingüe","url":"https://educacionbilingue.eu/","logo":{"@type":"ImageObject","inLanguage":"en-EN","@id":"https://educacionbilingue.eu/#/schema/logo/image/","url":"https://educacionbilingue.eu/wp-content/uploads/2018/03/400dpiLogoCropped.png","contentUrl":"https://educacionbilingue.eu/wp-content/uploads/2018/03/400dpiLogoCropped.png","width":800,"height":1167,"caption":"Congreso de Educación Bilingüe"},"image":{"@id":"https://educacionbilingue.eu/#/schema/logo/image/"}}]}</script>
<!-- / Yoast SEO plugin. -->

I Congreso Internacional para profesores de la educación bilingüe

I Congreso Internacional para profesores de la educación bilingüe organizado por Magister

V Congreso Semipresencial para Profesionales de la Educación Bilingüe e Internacional

Congreso de Educación Bilingüe
